-9)/(-9). Let v = 138 - g. Determine z(v).
6
Let q(a) = -6*a + 5 - 17 - a - 2*a**2 + a**2. Suppose -5*l - 54 = 2*b - 20, 5*b - 17 = 13*l. What is q(l)?
0
Let k(d) = d**2 - d - 1. Let m(w) = -w**2 + 8*w + 7. Let f(c) = -4*k(c) - m(c). Suppose -5*p - 135 = 5*v, 44 = -2*p - v - 10. Let y = p - -25. Determine f(y).
-7
Suppose -h + 8 = 2*v, -4*h + 2*h + 4 = 0. Let s(k) = 3 + v*k - 2*k - 7 + 0*k. What is s(-8)?
-12
Let y(r) = -2*r - 10 - 8 - r**3 - 2*r**2 + 0*r**2 - 16 + 28. What is y(-5)?
79
Let h(q) be the first derivative of -q**2 - 27*q + 608. Determine h(-2).
-23
Let q(p) = 4*p**3 + p**2 + 11*p + 1. Let k(y) = -5*y**3 - 12*y - 10. Let d(n) = -5*k(n) - 6*q(n). What is d(6)?
8
Let t(o) = 4559*o - 9119*o - 2 + 4565*o. Calculate t(-4).
-22
Let k(d) be the second derivative of -2*d**3/3 + 45*d**2/2 - 54*d. Let p be k(11). Let o(v) = -3 + 4*v + 3*v + 4. What is o(p)?
8
Let x(m) = -2*m**2 - 34*m + 2. Suppose 4*q + 14*c - 16*c = -60, -5*c + 48 = -4*q. Calculate x(q).
2
Let f(s) = 88*s**2 + 2*s**3 + 84*s**2 + 89*s**2 - 255*s**2 + 6 - 5*s. Calculate f(3).
99
Suppose o = -5*s + 22, -30 = o - 19*s + 11*s. Let k(a) = 16*a**2 - 20*a + 1. Calculate k(o).
25
Let s(f) = -f - 1. Let r be s(1). Let z(y) = -13*y**3 - y. Let j = -1979 + 1978. Let n(o) = o**3 - o**2. Let l(m) = j*z(m) + r*n(m). Calculate l(-1).
-10
Suppose 105*b = -97*b - 81*b - 2830. Let r(g) = 9 + 11 + 7 + 3*g - 5. Determine r(b).
-8
Suppose 3*i - 4*w - 14 - 23 = 0, 0 = -2*i + w + 23. Let j(a) = a**3 - 14*a**2 + 35*a - 16. Let o be j(i). Let d(r) = r**2 - 6*r. Determine d(o).
0
Let t(j) = 41102*j + 3*j**2 + 2*j**2 - 4*j**2 - 41113*j. What is t(7)?
-28
Suppose 4*a + 3*l - 81 = -57, -3*a = 4*l - 25. Let g(p) = -2*p**3 - 5*p**2 + 12*p - 6. Calculate g(a).
-69
Let d be 31/5 + 30/(-150). Suppose -6*g - d - 48 = 0. Let k(x) = x**3 + 8*x**2 - 9*x - 9. Give k(g).
-9
Let o(s) = 2*s**2 + 14. Let v(k) = k**2 - 241*k + 942. Let u be v(4). What is o(u)?
86
Let n(u) = -14*u**2 + u. Let l(o) = 41*o**2 - 3*o. Let c(y) = -2*l(y) - 7*n(y). Suppose 0*q - 2*q = -4*m + 2, -5*m = 0. Calculate c(q).
17
Let t(u) be the second derivative of -u**4/12 + 8*u**3/3 + 23*u**2/2 - 342*u. What is t(17)?
6
Let m(h) = -8*h + 3 - 23 + 0 + 12 + 4. What is m(-6)?
44
Suppose 36 = 3*n + n. Suppose -u - 2*u = -n. Let b(p) = -p**3 + p**2 - p. Let c(l) = -6*l**3 + 9*l**2 - 7*l + 4. Let f(w) = 4*b(w) - c(w). What is f(u)?
14
Let k = -9 - -1. Let i(t) = 3*t**3 + 37*t**2 + 13*t + 28. Let s be i(-12). Let b(a) = 9*a**2 - s*a**3 + 3 - 2 - 2 + 9*a + 17*a**3 + 3. What is b(k)?
-6
Suppose -2*j - 28 = -3*l, -22*l = -17*l + 3*j - 34. Let w(z) = z**2 - 11*z + 20. Determine w(l).
-4
Let p(r) = -211*r - 211*r - 9 + 2*r**2 - 3*r**2 + 422*r. What is p(7)?
-58
Let h(q) = 15*q**3 + q**2. Let v = -90 + 93. Suppose 4*a - 3 = v*c, 1 - 5 = 5*a + 4*c. Suppose k - 12 + 13 = a. What is h(k)?
-14
Let x(t) = 44*t**2 + 1. Suppose 19*b = -46 + 27. What is x(b)?
45
Let z be (-2)/1 - (24 + -5). Let k = z - -26. Suppose 0 = -i - k + 4. Let d(a) = 10*a + 1. Calculate d(i).
-9
Let c(z) = 11*z + 105. Let k be c(-10). Let m(u) = 10*u + 50. Determine m(k).
0
Let q = 19 + -27. Suppose -824 = -7*l - l. Let r(c) = 0*c + 7*c - l*c**2 + c + 104*c**2. Calculate r(q).
0
Let l(r) = 41*r - 8. Let b(p) = 6*p - 2. Let h(g) = -4*b(g) + l(g). Suppose 1 = -m - 0. Calculate h(m).
-17
Let d(w) = -4*w + 13*w + 20 - 21 + 3*w**2. Let p be d(-3). Let i(c) = 11*c**2 + 2*c + 1. What is i(p)?
10
Let t(i) be the second derivative of 4*i**4/3 + i**3/3 + i**2 - 51*i. Give t(-1).
16
Let f(w) = -w**2 + 41*w - 3. Let u(h) = 4*h**2 - 149*h + 9. Let t(s) = 7*f(s) + 2*u(s). Calculate t(5).
-33
Let c(y) = -4*y + 1378*y**3 - 694*y**3 - 2*y - 10*y**2 - 685*y**3 + 17. What is c(-9)?
-10
Let t(m) = 5*m + 3. Let w(p) = -p**2 + 4*p - 7. Let n = 17 - 13. Suppose 3*f = -n*f + 21. Let a be w(f). Give t(a).
-17
Let g(z) = 3*z + 5 + 0*z + 0. Suppose -3*y - 20 - 12 = -4*u, 25 = 5*u. Let m be (44 + -42)/((-2)/y). Give g(m).
17
Let k(a) = a**3 - a - 4. Let g(x) = 495 - 495 + 8*x + 2*x**2. Let j be g(-4). What is k(j)?
-4
Let m(w) = 5*w**3 + 11*w**2 - 9*w + 12. Let v(z) = -3*z**3 - 10*z**2 + 4*z - 12. Let b(a) = 2*m(a) + 3*v(a). Determine b(9).
15
Let i(g) = 3*g**2 + 41*g + 3. Let j = -23290 + 23276. Calculate i(j).
17
Let g(h) = -29*h - 23. Let j(z) = -468*z - 372. Let u(y) = 33*g(y) - 2*j(y). Calculate u(2).
-57
Suppose -72 = -31*d + 7*d. Let z(f) = 5 - 6*f**d + f**2 + 7*f**3 + 5*f**2 + f. What is z(-4)?
33
Let j(u) = 4*u**2 + 2*u + 2. Suppose 2*a - 2*b = 5*a - 4, 0 = -4*a + 5*b + 36. Suppose -32 = f + a*y - 13, 5*f = y - 11. Calculate j(f).
32
Let k(m) = 3 + 7*m**3 + 0 + 9*m**3 - 4*m + 3*m**2 - 17*m**3. Let x(y) = 10*y - 217. Let w be x(22). Calculate k(w).
-9
Suppose 0 = -4*x + m + 457 - 350, 3*m + 35 = x. Let d(t) = -t**3 + 27*t**2 - 26*t - 8. Determine d(x).
-8
Let g(a) = 2636*a + 36 + a**3 + 9*a**2 + 5*a**2 - 1399*a - 1221*a. Calculate g(-13).
-3
Let u(i) be the third derivative of 1/12*i**4 - 2*i**3 + 0 + 0*i + 128*i**2. Give u(9).
6
Let g(v) = -4*v + 45. Suppose 0 = -3*i + 5*n + 41, -5*i + n + 58 = 3*n. Calculate g(i).
-3
Let s = 2704 - 2728. Let p(i) = -2*i - 43. Calculate p(s).
5
Let n(c) = c**3 - 13*c**2 - 16*c + 1. Let q be ((-9891)/(-2355))/(3/10). Determine n(q).
-27
Let g(b) = -b**3 - 2*b**2 + 16*b - 8. Let k(d) = -d**3 - 4*d**2 + 11*d - 6. Let i(o) = -4*g(o) + 5*k(o). Determine i(-11).
-20
Let d(w) = 11582*w - 5772*w + 4*w**2 + 7*w**3 - 5807*w - 1. What is d(-1)?
-7
Let l be (2 - 4)*12/(-8). Let t(y) = -6 + 4 + 12619*y**2 - y**l - 12614*y**2 + 5*y. Give t(6).
-8
Let o = 12506 + -12502. Let p(j) = 57*j - 238. What is p(o)?
-10
Let x(p) be the second derivative of p**6/120 - p**5/20 - 17*p**4/24 - p**3/3 - 189*p**2/2 - 2*p - 7. Let c(s) be the first derivative of x(s). Determine c(6).
4
Let p(b) = -b**3 + 9*b**2 + 78*b - 279. Let j be p(3). Let r(n) = 0*n**2 - 9*n + n**2 + 3 - 9. Calculate r(j).
-6
Let p(w) = 3*w**2 - 5*w + 3. Let a = 299 - 295. Suppose -3*t + 4 + 5 = a*s, s = -3*t. Determine p(s).
15
Let v(p) = p**3 + 2*p**2 - 24*p - 10. Suppose 4*g - 2*w + 30 = 0, 40 = -5*g + w + 7. What is v(g)?
-10
Suppose -4*v + 8 + 0 = 0. Let t(m) = -1 - 3 - 1 + 25*m - 10*m + 2. Give t(v).
27
Let b be (1 - 6/5)*(64 - 69). Suppose 16 = 2*a + 2*a - 4*d, -25 = -5*d. Suppose 7*y - a*y = 3*h - b, 2*h - 4*y = -26. Let x(q) = -q - 4. Calculate x(h).
-1
Suppose 19*b - 18 = 13*b. Let t(x) = x**3 - x - x - 3*x**2 - 3 + 5 - b. Give t(4).
7
Suppose -4*p = 4, -7*p + 2*p + 15 = -2*c. Let w(y) = 197*y + 3. Let t(h) = -919*h - 14. Let u(x) = -3*t(x) - 14*w(x). Determine u(c).
10
Let x(j) = -2*j + 2. Suppose -16*a = -45 - 35. Suppose 3*d + 0 = 5*f + 26, -a*d = -3*f - 6. Give x(f).
16
Suppose -3*w + w - 3*o = -11, 4*w - 2*o + 2 = 0. Suppose 388*q - 392*q + 8 = 0. Let y(c) = c - c**2 - w + 7 + 0*c**q - 1. Determine y(4).
-7
Let u(i) be the second derivative of i**5/20 - i**4/2 + i**3/2 + 13*i**2/2 - 4*i - 15. Let q be u(5). Let x(j) = 4*j - 2. Determine x(q).
10
Let g(o) = -25*o - 35. Let u(q) = 21*q + 31. Let a(c) = 5*g(c) + 6*u(c). What is a(-6)?
5
Let l be (2 - 9/6)/(6/72). Let n(p) = 6*p**2 - p**3 - l*p + 7*p - 7*p**2. Suppose -8*f = -5*f + 5*s - 10, -3*f - s + 2 = 0. What is n(f)?
0
Suppose -f + 214 = -2*b, 2*b - 2 = -0*b. Let x = f - 221. Let m(y) = -y. Calculate m(x).
5
Suppose 5*b - 10300 = 4*l, -2240 = -b - 4*l - 180. Let u(q) = 2060*q + 8 - b*q + 6*q**2 - q**3. Give u(6).
8
Let x(t) = 63 + 77 + 66 - 234 + t. Calculate x(16).
-12
Let f(v) = -v**2 + 5*v + 2. Let h(u) = 2*u**2 - 9*u - 5. Let n(z) = 13*f(z) + 6*h(z). Let l(w) = -w**3 - 15*w**2 + 795*w + 10683. Let s be l(-13). Give n(s).
6
Let y(c) = 94*c - 12 - 16 + 3 + 86*c - 175*c. Determine y(9).
20
Let y(x) = 505 + x - 255 - x**2 - 249 + 3*x. Determine y(9).
-44
Suppose 6*b = -2*o + 2*b - 36, 20 = -4*b. Let v(p) = -52*p - 2. Let z(i) = 121*i + 2. Let d(l) = -7*v(l) - 3*z(l). What is d(o)?
0
Let r(c) = c**2 + 69*c + 876. Let l be r(-17). Let i(a) = a**2 + 10*a + 8. Let x(j) = 2*j**2 + 20*j + 17. Let w(t) = -5*i(t) + 3*x(t). Calculate w(l).
-5
Let t(r) be the first derivative of 2*r**2 + 36*r + 1749. Determine t(-4).
20
Let q(u) = 21*u + 17. Suppose -110*d = 539 - 539. What is q(d)?
17
Let v(r) = 3*r**3 + 4*r**2 - 16*r. Let p be v(2). Let f(m) = -m**2 + 7*m + 19. Determine